 150.
150
Calculate the highest common divisor of 35264 and 13408.
32
Calculate the greatest common divisor of 206 and 2043726.
206
Calculate the highest common divisor of 119976 and 120.
24
Calculate the highest common factor of 15052 and 4402.
142
Calculate the highest common divisor of 272 and 182376.
136
Calculate the greatest common divisor of 169429 and 26.
13
Calculate the highest common factor of 6976 and 512.
64
What is the highest common factor of 13384 and 728?
56
What is the highest common factor of 138 and 592089?
69
Calculate the greatest common divisor of 294 and 4434206.
98
Calculate the highest common factor of 1802 and 7463.
17
Calculate the highest common factor of 2519551 and 211.
211
What is the highest common factor of 1195507 and 185?
37
What is the highest common divisor of 1105 and 18615?
85
What is the greatest common divisor of 109428 and 88?
44
What is the highest common factor of 18104 and 26567?
31
Calculate the highest common factor of 418 and 1118986.
418
Calculate the greatest common factor of 375 and 1337925.
75
What is the highest common divisor of 10550 and 100?
50
Calculate the highest common divisor of 2092624 and 992.
496
Calculate the highest common factor of 364368 and 4.
4
What is the highest common divisor of 3648408 and 3?
3
Calculate the greatest common factor of 107725 and 50.
25
Calculate the highest common divisor of 5535 and 131895.
135
Calculate the highest common divisor of 3243470 and 235.
235
Calculate the greatest common divisor of 146908 and 152.
76
Calculate the greatest common divisor of 37258 and 3146.
26
What is the greatest common factor of 12565 and 15?
5
Calculate the greatest common divisor of 15475 and 7900.
25
What is the greatest common divisor of 888 and 42?
6
What is the highest common factor of 9 and 174459?
3
What is the greatest common factor of 14433 and 51?
51
What is the highest common divisor of 8106 and 15687?
21
Calculate the greatest common factor of 28590 and 195.
15
What is the greatest common factor of 7255 and 1781828?
1451
Calculate the greatest common divisor of 42778 and 292.
146
Calculate the greatest common divisor of 22593 and 255.
51
Calculate the highest common divisor of 86 and 1772546.
86
What is the greatest common factor of 24 and 5573628?
12
What is the highest common divisor of 9253 and 532?
19
What is the greatest common factor of 140 and 517580?
140
Calculate the greatest common factor of 88 and 2174876.
44
What is the highest common factor of 1497 and 4197?
3
Calculate the greatest common divisor of 7084 and 3157.
77
What is the highest common factor of 2128 and 1330?
266
What is the highest common factor of 2046 and 58146?
66
What is the highest common divisor of 17220 and 8365?
35
Calculate the greatest common factor of 26 and 195754.
26
Calculate the highest common divisor of 153722 and 303.
101
What is the greatest common divisor of 1474 and 809025?
67
What is the greatest common factor of 354 and 63012?
354
Calculate the greatest common divisor of 1519 and 6419.
49
What is the greatest common divisor of 20 and 170740?
20
What is the highest common divisor of 891 and 864?
27
What is the greatest common divisor of 293 and 90?
1
Calculate the highest common factor of 172345 and 10.
5
What is the greatest common divisor of 1440 and 423270?
90
Calculate the greatest common divisor of 810678 and 22.
22
Calculate the highest common divisor of 93458 and 1328.
166
What is the greatest common factor of 238 and 79934?
34
Calculate the greatest common factor of 547428 and 686.
686
Calculate the greatest common divisor of 1414835 and 7049.
1007
Calculate the highest common divisor of 161492 and 940.
188
Calculate the greatest common divisor of 1925 and 4158.
77
Calculate the highest common divisor of 255694 and 8477.
173
What is the highest common factor of 4134 and 207654?
318
Calculate the highest common divisor of 250 and 346700.
50
What is the greatest common divisor of 374591 and 42539?
413
What is the highest common divisor of 78392 and 1312?
328
What is the greatest common factor of 196 and 177772?
196
Calculate the greatest common factor of 6 and 2841.
3
Calculate the highest common factor of 39940 and 8.
4
Calculate the highest common divisor of 414 and 8832.
138
Calculate the highest common factor of 340934 and 110.
22
What is the highest common factor of 15496 and 1043?
149
Calculate the greatest common divisor of 230 and 1495.
115
What is the greatest common divisor of 26210 and 270?
10
What is the highest common divisor of 17924544 and 32?
32
What is the highest common divisor of 10949718 and 156?
78
What is the greatest common divisor of 111867 and 42?
21
What is the highest common factor of 1989 and 78455?
221
What is the highest common divisor of 3113 and 9713?
11
What is the greatest common factor of 36192 and 975?
39
Calculate the highest common divisor of 3234 and 60858.
294
What is the greatest common divisor of 70 and 822010?
70
Calculate the greatest common factor of 96 and 102264.
24
Calculate the highest common divisor of 13 and 86281.
13
What is the highest common divisor of 298297 and 317?
317
What is the greatest common factor of 63 and 537831?
63
What is the highest common factor of 84100 and 260?
20
What is the highest common divisor of 32 and 384016?
16
Calculate the highest common divisor of 40096 and 6944.
224
Calculate the greatest common factor of 15 and 1219965.
15
What is the highest common divisor of 21707 and 1351?
7
What is the highest common factor of 39 and 445055?
13
What is the highest common factor of 20 and 122446?
2
Calculate the greatest common factor of 23283 and 1027.
13
What is the highest common factor of 474310 and 10?
10
What is the highest common factor of 333872 and 462?
154
What is the highest common factor of 470 and 2630?
10
What is the highest common factor of 206 and 572165?
103
Calculate the greatest common divisor of 6024 and 3324.
12
What is the greatest common divisor of 1430 and 4550?
130
What is the greatest common factor of 4863 and 3?
3
What is the greatest common divisor of 18 and 330846?
6
What is the greatest common divisor of 2232 and 7626?
186
What is the greatest common divisor of 11404 and 36?
4
Calculate the highest common divisor of 75 and 270975.
75
Calculate the highest common factor of 320 and 50750.
10
Calculate the greatest common divisor of 216 and 64692.
108
Calculate the highest common divisor of 69125 and 316.
79
What is the highest common divisor of 527 and 16864?
527
Calculate the highest common factor of 3401 and 703.
19
Calculate the greatest common divisor of 461 and 513.
1
What is the highest common divisor of 4836 and 6188?
52
Calculate the greatest common factor of 975697 and 398.
199
What is the highest common factor of 748121 and 46?
23
What is the highest common factor of 40977 and 62379?
261
What is the greatest common factor of 5748 and 516?
12
Calculate the greatest common divisor of 2867 and 189466.
61
Calculate the greatest common divisor of 1196 and 1301846.
598
Calculate the greatest common divisor of 139041 and 693.
63
Calculate the highest common divisor of 22284 and 1788.
12
Calculate the greatest common factor of 12906 and 23112.
54
What is the highest common factor of 174 and 96702?
6
Calculate the greatest common factor of 1080 and 703320.
120
Calculate the highest common divisor of 120 and 1604.
4
Calculate the highest common divisor of 26607 and 2172.
543
What is the highest common factor of 222479 and 1564?
391
Calculate the greatest common factor of 827706 and 1188.
66
What is the highest common factor of 39037 and 3032?
379
Calculate the greatest common factor of 1088 and 8551.
17
Calculate the greatest common divisor of 1350 and 494400.
150
What is the highest common divisor of 7 and 1932259?
7
What is the highest common factor of 793210 and 330?
110
What is the greatest common divisor of 225 and 54525?
75
Calculate the greatest common factor of 2021 and 4773.
43
What is the highest common factor of 2076357 and 237?
237
What is the greatest common factor of 87 and 47038?
29
What is the highest common factor of 369 and 82?
41
Calculate the highest common divisor of 2428 and 1880486.
1214
What is the highest common factor of 7815 and 375